alse
Does 11216 divide 164773298?
False
Does 88 divide 11300472?
False
Is 195905178 a multiple of 357?
True
Is 1786 a factor of 30201260?
True
Is 29852970 a multiple of 62?
False
Does 24 divide 2710015368?
True
Is 39 a factor of 2146762?
False
Is 450783153 a multiple of 97?
True
Is 12056365 a multiple of 69?
False
Is 20288216 a multiple of 91?
False
Does 8 divide 5844960?
True
Is 39367380 a multiple of 195?
True
Is 197 a factor of 676216093?
True
Does 12 divide 137783844?
True
Is 445559028 a multiple of 579?
True
Is 3640 a factor of 694621200?
True
Does 25 divide 515107525?
True
Is 1960277075 a multiple of 548?
False
Does 29 divide 1136771?
True
Is 78856927 a multiple of 331?
False
Is 357 a factor of 88581339?
True
Does 785 divide 453232310?
True
Is 128245556 a multiple of 101?
False
Is 83424154 a multiple of 517?
True
Does 4135 divide 151276691?
False
Is 16 a factor of 46329744?
True
Does 3397 divide 1152078962?
True
Does 23 divide 2341549136?
False
Does 54 divide 15586992?
True
Does 85 divide 330999097?
False
Does 2452 divide 743378059?
False
Is 3352 a factor of 1299325704?
True
Is 47 a factor of 15307818?
False
Is 533208809 a multiple of 430?
False
Is 801815448 a multiple of 56?
True
Is 292131056 a multiple of 7?
True
Is 82 a factor of 61399222?
True
Is 95462849 a multiple of 494?
False
Is 365 a factor of 586640775?
True
Is 99 a factor of 14508110?
False
Is 9 a factor of 81898623?
True
Does 67 divide 420236931?
True
Is 15478540 even?
True
Does 396 divide 19445580?
True
Is 655307400 a multiple of 22?
True
Is 201818695 a multiple of 18?
False
Is 277008240 a multiple of 120?
True
Does 14 divide 219618?
True
Is 1423 a factor of 36593868?
True
Does 2 divide 1151166?
True
Does 87 divide 2404680?
True
Is 71574824 a multiple of 1220?
False
Is 149512512 a multiple of 303?
False
Does 409 divide 1778143042?
True
Is 55 a factor of 50657332?
False
Is 37048032 a multiple of 412?
False
Is 874583436 a multiple of 36?
False
Does 289 divide 90424632?
True
Is 296154045 a multiple of 263?
False
Is 1370 a factor of 59753198?
False
Is 45 a factor of 408574485?
True
Does 6669 divide 917442961?
False
Is 44202116 a multiple of 1526?
True
Does 296 divide 1161823648?
False
Is 243 a factor of 94236615?
True
Is 12 a factor of 14827971?
False
Does 27 divide 2801160?
False
Is 26288127 a multiple of 9?
True
Is 4679 a factor of 1741106847?
False
Does 126 divide 221787972?
True
Is 911327484 a multiple of 12?
True
Is 4881 a factor of 2502021384?
False
Is 241 a factor of 160240659?
True
Is 276393264 a multiple of 8?
True
Does 3858 divide 1514054012?
False
Is 40200445 a multiple of 132?
False
Is 123967844 a multiple of 572?
True
Does 260 divide 103358320?
True
Does 158 divide 369616246?
False
Does 586 divide 16294902?
True
Is 51135189 a multiple of 12?
False
Does 6 divide 493758269?
False
Is 80733360 a multiple of 344?
True
Is 25 a factor of 97667400?
True
Is 78601720 a multiple of 335?
True
Is 349900683 a multiple of 2171?
False
Is 4201 a factor of 1036795198?
False
Is 1548761040 a multiple of 270?
True
Is 39 a factor of 1124363609?
False
Does 715 divide 51075310?
True
Does 47 divide 2376319953?
True
Is 40 a factor of 15307098?
False
Does 9 divide 52896395?
False
Is 164 a factor of 52173468?
False
Is 1156 a factor of 52073176?
True
Is 110 a factor of 3061190?
True
Is 13101230 a multiple of 3?
False
Is 44820181 a multiple of 12?
False
Is 23 a factor of 316011847?
False
Is 168 a factor of 116603598?
False
Does 15 divide 50508921?
False
Is 239 a factor of 6308348?
False
Is 2659 a factor of 129464242?
False
Is 238224550 a multiple of 73?
True
Does 6 divide 181822538?
False
Is 372167655 a multiple of 85?
True
Does 12509 divide 4247279856?
False
Is 3537892806 a multiple of 13906?
False
Is 98691590 a multiple of 149?
False
Is 42751520 a multiple of 112?
True
Is 53 a factor of 17623878?
True
Is 2515 a factor of 175187355?
True
Is 212 a factor of 260740003?
False
Is 22684746 a multiple of 3038?
True
Does 157 divide 16097158?
False
Is 1786 a factor of 208399905?
False
Does 3030 divide 99420360?
True
Is 27478894 a multiple of 40?
False
Does 386 divide 10043828?
False
Does 13 divide 67998229?
True
Is 13041 a factor of 738394461?
True
Does 10 divide 228570100?
True
Does 47 divide 195973173?
False
Is 13 a factor of 45470854?
True
Does 322 divide 24423072?
False
Is 4436586 a multiple of 66?
True
Is 190 a factor of 193002506?
False
Does 22 divide 932760114?
True
Does 33 divide 446153952?
False
Is 530 a factor of 1337132230?
True
Is 21 a factor of 157389246?
True
Does 101 divide 24921892?
False
Does 584 divide 2347680?
True
Is 1798 a factor of 417367779?
False
Does 53 divide 620596027?
True
Is 465077080 a multiple of 1835?
True
Does 4077 divide 508391510?
False
Is 35746944 a multiple of 128?
True
Does 152 divide 1223847000?
True
Does 2563 divide 40746574?
True
Is 93 a factor of 41212020?
True
Is 108 a factor of 1181266632?
True
Does 37 divide 532163415?
True
Does 2621 divide 48852819?
True
Does 23 divide 66075895?
True
Is 584 a factor of 139129240?
True
Is 75732415 a multiple of 5?
True
Is 153208628 a multiple of 270?
False
Is 1456 a factor of 205777936?
True
Is 138 a factor of 170324811?
False
Is 64737873 a multiple of 35?
False
Is 206 a factor of 481930820?
True
Is 18764022 a multiple of 17?
True
Does 3 divide 194753169?
True
Does 41 divide 17328322?
True
Is 55526537 a multiple of 50?
False
Is 37195469 a multiple of 8?
False
Does 18 divide 277171865?
False
Is 26598405 a multiple of 5?
True
Does 15 divide 1571560485?
True
Is 2609 a factor of 970071704?
False
Is 66124383 a multiple of 100?
False
Is 55 a factor of 27977785?
True
Is 221138407 a multiple of 979?
False
Is 9005096 a multiple of 4?
True
Is 293 a factor of 5048599?
False
Is 79988328 a multiple of 14?
True
Is 13728945 a multiple of 289?
True
Does 1406 divide 691946028?
True
Is 2356272238 a multiple of 167?
False
Is 14 a factor of 472583613?
False
Is 46 a factor of 9434186?
True
Is 180929898 a multiple of 87?
True
Is 43 a factor of 24953450?
False
Is 227 a factor of 1606990194?
False
Does 5366 divide 370736940?
True
Is 8580564 a multiple of 15?
False
Is 160 a factor of 373439940?
False
Is 838386354 a multiple of 6?
True
Is 90301782 a multiple of 329?
False
Is 111 a factor of 91735774?
False
Does 36 divide 30250727?
False
Does 152 divide 305490816?
True
Is 527688224 a multiple of 56?
True
Does 37 divide 42502418?
True
Does 32 divide 1451642558?
False
Is 2358 a factor of 167910634?
False
Does 20 divide 37989899?
False
Does 2576 divide 509404000?
True
Does 2232 divide 52975810?
False
Is 449 a factor of 2305166?
True
Is 640489239 a multiple of 1710?
False
Is 389847762 a multiple of 999?
True
Is 323010025 a multiple of 33?
False
Is 8893621 a multiple of 121?
True
Does 11 divide 3891375517?
False
Is 75 a factor of 659162074?
False
Does 67 divide 29136826?
True
Does 14 divide 1210888776?
False
Does 4 divide 8826936?
True
Is 328 a factor of 77003098?
False
Does 13 divide 1844539319?
False
Is 172724170 a multiple of 1522?
True
Is 61748122 a multiple of 32?
False
Does 776 divide 34970345?
False
Is 149346720 a multiple of 216?
True
Is 940253405 a multiple of 245?
True
Does 136 divide 10415560?
True
Is 43930458 a multiple of 429?
True
Is 1876 a factor of 75303627?
False
Is 6 a factor of 26251062?
True
Does 141 divide 738092277?
True
Is 41348930 a multiple of 119?
True
Is 56 a factor of 25859908?
False
Is 18 a factor of 1408504368?
False
Is 364 a factor of 42842072?
True
Does 47 divide 784622277?
True
Is 28 a factor of 228889547?
False
Is 11 a factor of 2809655694?
False
Is 99 a factor of 35249049?
True
Does 3788 divide 433820700?
True
Is 51 a factor of 278476065?
True
Does 61 divide 4517148?
False
Does 32 divide 23216064?
True
Is 971 a factor of 68842207?
False
Does 192 divide 181846656?
True
Is 1862 a factor of 88522504?
False
Is 1323683002 a multiple of 3647?
False
Is 2 a factor of 1555010?
True
Is 27382590 a multiple of 9?
True
Does 8 divide 24370072?
True
Is 1085983404 a multiple of 1172?
True
Is 156 a factor of 14158591?
False
Is 18448054 a multiple of 1022?
False
Does 67 divide 1858632461?
True
Is 98285516 a multiple of 514?
False
Does 28 divide 369167344?
True
Is 292585792 a multiple of 1435?
False
Does 33 divide 11696487?
True
Is 213